of 84 and 10224.
12
Calculate the highest common factor of 24 and 5800.
8
Calculate the highest common divisor of 8472 and 408.
24
What is the greatest common divisor of 60514 and 2054?
158
What is the highest common factor of 59 and 60888?
59
Calculate the highest common divisor of 765 and 11016.
153
What is the highest common divisor of 2683 and 129?
1
Calculate the highest common factor of 8211 and 63.
21
What is the highest common factor of 3 and 19689?
3
Calculate the greatest common factor of 2099820 and 1896.
948
Calculate the highest common factor of 282 and 332666.
94
Calculate the highest common divisor of 20088 and 9234.
162
What is the greatest common factor of 27632 and 1128?
8
Calculate the highest common divisor of 8 and 1750840.
8
Calculate the highest common divisor of 775736 and 312.
104
What is the greatest common divisor of 25 and 66580?
5
Calculate the highest common divisor of 39 and 2206997.
13
What is the greatest common factor of 245 and 11445?
35
What is the greatest common divisor of 16 and 1877752?
8
Calculate the greatest common divisor of 7951188 and 42.
42
Calculate the greatest common divisor of 57 and 227278.
19
Calculate the greatest common divisor of 258320 and 216.
8
What is the highest common factor of 32599 and 1547?
7
Calculate the greatest common factor of 136668 and 21.
21
Calculate the greatest common divisor of 170704 and 1410.
94
What is the highest common factor of 31 and 341434?
31
What is the greatest common divisor of 22998 and 82?
2
What is the greatest common factor of 4390 and 90?
10
What is the greatest common factor of 54 and 61371?
27
Calculate the greatest common divisor of 281456 and 14896.
784
What is the greatest common factor of 1184 and 158?
2
What is the highest common factor of 73254 and 1914?
174
What is the greatest common divisor of 75817 and 28?
7
Calculate the highest common factor of 5621524 and 452.
452
Calculate the greatest common factor of 1536 and 2285056.
512
Calculate the greatest common factor of 4191 and 119253.
381
What is the highest common factor of 172777 and 278?
139
What is the highest common divisor of 156 and 349947?
39
What is the highest common factor of 43318 and 363?
121
What is the highest common divisor of 979584 and 512?
128
Calculate the greatest common factor of 72 and 861966.
18
What is the greatest common divisor of 13587 and 630?
21
What is the highest common factor of 49543 and 12025?
481
Calculate the greatest common factor of 6688 and 9504.
352
Calculate the greatest common factor of 408 and 16456.
136
What is the greatest common divisor of 544 and 821848?
136
Calculate the highest common divisor of 470 and 329846.
94
What is the highest common divisor of 7735 and 102986?
221
Calculate the greatest common divisor of 3237 and 71961.
249
Calculate the highest common divisor of 904893 and 153.
51
What is the greatest common divisor of 5988012 and 36?
12
What is the highest common divisor of 12989 and 62?
31
Calculate the greatest common divisor of 627 and 117447.
33
Calculate the highest common factor of 916 and 927679.
229
What is the highest common divisor of 102168 and 2880?
72
What is the greatest common divisor of 380 and 7480?
20
Calculate the greatest common factor of 225 and 8150.
25
Calculate the greatest common divisor of 1722500 and 53.
53
Calculate the highest common factor of 117035 and 178.
89
What is the highest common factor of 3503 and 1469?
113
What is the greatest common divisor of 12656 and 48?
16
Calculate the greatest common divisor of 40590 and 36135.
495
What is the highest common divisor of 869 and 2860?
11
What is the greatest common divisor of 1867868 and 1136?
284
What is the greatest common divisor of 159 and 18528?
3
What is the greatest common divisor of 53992 and 8296?
136
Calculate the highest common divisor of 26910 and 91.
13
Calculate the greatest common factor of 65360 and 912.
304
Calculate the greatest common factor of 492 and 5664.
12
What is the greatest common factor of 708804 and 1080?
108
Calculate the highest common divisor of 48 and 8838.
6
Calculate the highest common divisor of 31740 and 520.
20
Calculate the highest common factor of 495159 and 133.
133
What is the highest common divisor of 3497955 and 345?
345
Calculate the greatest common divisor of 161 and 270135.
23
Calculate the highest common divisor of 3192 and 8792.
56
Calculate the greatest common divisor of 18810168 and 312.
312
Calculate the highest common divisor of 3917376 and 96.
96
What is the highest common divisor of 40 and 31590?
10
What is the highest common divisor of 50692 and 1508?
116
Calculate the greatest common factor of 230687 and 1379.
197
Calculate the highest common divisor of 440 and 619960.
440
Calculate the highest common factor of 7602 and 3318.
42
Calculate the greatest common divisor of 16560 and 15.
15
Calculate the greatest common factor of 25228 and 1309.
119
Calculate the greatest common divisor of 27 and 62619.
3
What is the greatest common divisor of 2163 and 96511?
103
Calculate the greatest common factor of 9216 and 2592.
288
What is the highest common divisor of 56 and 648284?
28
What is the greatest common divisor of 54 and 22266?
18
What is the highest common divisor of 515032 and 140?
28
What is the highest common divisor of 114993 and 135?
27
What is the greatest common divisor of 459838 and 38?
38
What is the greatest common divisor of 6028 and 132?
44
Calculate the highest common factor of 31780 and 7220.
20
What is the highest common divisor of 1836 and 114444?
612
Calculate the highest common factor of 2112 and 1650.
66
Calculate the highest common factor of 182868 and 21.
21
Calculate the greatest common factor of 285 and 364439.
19
Calculate the highest common divisor of 63 and 8757.
63
Calculate the greatest common factor of 532 and 314146.
266
What is the greatest common factor of 15348 and 540?
12
What is the greatest common divisor of 2904 and 996?
12
What is the highest common factor of 1728 and 2127816?
216
What is the highest common factor of 92 and 39236?
4
What is the highest common divisor of 560 and 9415?
35
What is the highest common divisor of 15 and 166404?
3
Calculate the highest common factor of 364591 and 2476.
619
Calculate the greatest common factor of 432 and 301872.
48
What is the greatest common divisor of 1560 and 43537?
13
What is the highest common factor of 14628 and 3312?
276
Calculate the greatest common factor of 346620 and 140.
20
Calculate the greatest common divisor of 6786 and 988.
26
What is the greatest common divisor of 754 and 2717?
13
Calculate the greatest common factor of 74128 and 3444.
164
Calculate the highest common factor of 15022 and 44660.
406
Calculate the greatest common divisor of 1630 and 14480.
10
Calculate the highest common divisor of 28425 and 25.
25
Calculate the highest common factor of 8974 and 133.
7
What is the highest common factor of 191 and 704981?
191
Calculate the greatest common divisor of 14807 and 2652.
221
Calculate the highest common factor of 129346 and 868.
14
What is the highest common divisor of 36049 and 59?
59
What is the highest common divisor of 1789 and 11573041?
1789
What is the greatest common divisor of 6877 and 832?
13
Calculate the greatest common divisor of 57 and 89357.
19
What is the highest common divisor of 88 and 2152?
8
What is the greatest common divisor of 650 and 3926?
26
Calculate the greatest common factor of 6 and 128463.
3
What is the greatest common divisor of 78 and 711178?
26
What is the highest common factor of 25477 and 4886?
349
What is the greatest common divisor of 171 and 171342?
171
What is the greatest common factor of 24383 and 8567?
659
Calculate the highest common factor of 1 and 25237.
1
What is the greatest common divisor of 90615 and 16485?
105
What is the greatest common factor of 90240 and 1830?
30
What is the highest common factor of 3 and 36339?
3
What is the greatest common divisor of 1059 and 24710?
353
What is the greatest common factor of 25200 and 80150?
350
Calculate the highest common divisor of 114 and 62643.
57
Calculate the highest common divisor of 41869 and 2533.
149
Calculate the highest common factor of 291 and 439701.
291
Calculate the greatest common factor of